2). Let n = l - 36. Calculate the greatest common factor of d and n.
36
Let q be 10/(80/24) - (-8 + 4). Calculate the highest common divisor of q and 525.
7
Let r(g) = 7*g + g**3 - 11*g + 5*g**2 - 3 - 4. Let d be r(-5). Calculate the highest common divisor of d and 91.
13
Let c be (13 - 24)*(-234)/9. What is the greatest common factor of c and 176?
22
Suppose -15*t + 19*t = -16. Let q(i) = 21*i**2 + i + 9. Let h be q(t). Calculate the highest common factor of 31 and h.
31
Suppose 1350 + 1650 = 5*y. Calculate the highest common divisor of y and 24.
24
Let c = 221 + -213. Calculate the highest common divisor of c and 4.
4
Suppose -4*z + 736 = p + 2*p, 552 = 3*z + p. Calculate the greatest common divisor of 23 and z.
23
Let d(s) = s**2 + 16*s + 6. Let z be d(-17). Let p(b) = -b**2 - 14*b - 10. Let i be p(-11). What is the greatest common divisor of z and i?
23
Suppose 58 = n - 3*i, 5*n - 342 = 3*i - i. Calculate the highest common factor of 30 and n.
10
Suppose 0 = -21*m + 22*m - 4, 2*m - 77 = -3*t. What is the highest common factor of 92 and t?
23
Let c be ((-250)/(-30))/(8/24). Calculate the highest common divisor of c and 7.
1
Let w = -52 + 35. Let r = 30 + w. Let u = r - 2. Calculate the greatest common factor of u and 77.
11
Let z be -16*36/(-30) - (-1)/(-5). What is the greatest common divisor of 1 and z?
1
Suppose -9*c + 4*m - 22 = -14*c, -5*c - 3*m = -19. What is the greatest common divisor of 37 and c?
1
Let v be 54*(3 + -6 - -4). What is the highest common divisor of v and 18?
18
Let d(z) = z**2 + 231. Let h be d(0). Calculate the greatest common divisor of 11 and h.
11
Let k be (4 + -5)/(((-2)/(-1))/(-4)). What is the greatest common divisor of 32 and k?
2
Suppose -s = -17 - 1. Let w be 1/(-6) - (-57)/s. Suppose 3*r + 0*r = w*z + 39, -2*z = 2. What is the greatest common divisor of 4 and r?
4
Suppose -4*h - 3*d = -199, 5*h - 141 - 64 = 5*d. Calculate the highest common divisor of h and 161.
23
Let l be 3/(-12) - 308/(-16). Let b = l + -7. Calculate the highest common factor of 4 and b.
4
Let o = 7 - 2. Let v(y) = -y**3 + 5*y**2 + 3. Let h be v(o). Suppose j + 0*j + 91 = h*a, -3*a = -5*j - 95. Calculate the highest common factor of 120 and a.
30
Let u = -126 - -99. Let w = 29 - u. Calculate the highest common factor of w and 8.
8
Let y be ((-2280)/(-16))/(1 + 2/(-4)). What is the greatest common divisor of 15 and y?
15
Suppose -22*o + 172 = 21*o. Let z = 43 + -31. Suppose -n - o*h = -z, h = n - 6 - 21. Calculate the highest common factor of 12 and n.
12
Let y be 54/((-12)/8*-1). Calculate the greatest common factor of y and 48.
12
Let b be (-171)/27 + (-2)/(-6). Let i(u) = -u + 3. Let t be i(b). Calculate the greatest common divisor of 45 and t.
9
Suppose -91 - 119 = -2*q. Let w = q - -5. What is the greatest common divisor of w and 22?
22
Let u = -335 + 440. Calculate the highest common factor of 35 and u.
35
Suppose 0 = 3*g + b - 40, 0 = 4*g + 7*b - 9*b - 70. Calculate the highest common divisor of 2175 and g.
15
Let o(v) = v + 44. Let w(g) = 3*g + 5. Let m be w(-8). Let x be o(m). Calculate the greatest common divisor of x and 50.
25
Let a(p) be the second derivative of -p**4/12 - 25*p**3/6 - 8*p**2 - 33*p. Let q be a(-17). What is the greatest common divisor of 30 and q?
30
Suppose -w + f = 2, f = 2*w - 0*f. Let i be (w + -4)*6/4. Let p be (-8)/i*99/12. Calculate the greatest common divisor of 2 and p.
2
Suppose -2*o = 3*p - 169, 5*p = -o + 4*p + 83. What is the highest common divisor of o and 64?
16
Let d = 83 + -153. Let r = d - -96. What is the greatest common factor of 65 and r?
13
Let r(b) = -b**2 - 10*b - 6. Let w = 33 - 41. Let m be r(w). Let a be 2 + (0/(-1) - -2). Calculate the greatest common factor of m and a.
2
Suppose -3 - 1 = h. Let n = 12 + h. Let x = n - -7. What is the highest common divisor of 105 and x?
15
Suppose 44*b + 25*b - 13524 = 0. Calculate the greatest common factor of 16 and b.
4
Suppose 3*h + 276 = 4*r, 2*h + 80 = r + 4*h. Calculate the greatest common divisor of r and 18.
18
Let n = 48 - -150. Calculate the greatest common divisor of n and 495.
99
Let a = 16 - 15. What is the greatest common divisor of a and 1?
1
Let c(h) = -h**2 + 18*h + 18. Let t be c(9). Suppose -42 = -4*g + 2*z, -5*z + 12 = -g + 4*g. What is the highest common factor of g and t?
9
Let h(z) be the second derivative of 9*z**5/20 - z**4/12 + z**3/3 + 26*z. Let f be h(1). Calculate the highest common divisor of f and 8.
2
Let h be ((-4)/(-6))/(2/21). Suppose -h*k + 2*k + 30 = 0. What is the highest common factor of 24 and k?
6
Suppose 4*s - 6*s = 10. Let v(d) = 2*d + 20. Let i be v(s). What is the greatest common divisor of 20 and i?
10
Suppose 21*h = 30*h - 297. What is the highest common divisor of 66 and h?
33
Let k(r) = 2*r**2 - 4*r + 7. Let z be k(6). Calculate the highest common divisor of z and 33.
11
Let h = 5 + -5. Suppose 75*l - 71*l - 120 = h. Suppose 0 = -5*f + 4*t + 225, 4*t + 135 = 4*f - f. Calculate the greatest common divisor of f and l.
15
Suppose 3*c = 5*w - 46, -2*w - 5*c + 2*c = -10. Let i be (6/4)/(6/w). Let l = -214 + 215. What is the highest common divisor of i and l?
1
Let k(x) = 6895*x**2 + 4*x - 4. Let q be k(-1). What is the greatest common divisor of q and 71?
71
Let z(j) = j**2 + 23*j - 24. Let m be z(-24). Suppose f + 3*f + 55 = 3*t, m = 5*f + 20. Calculate the highest common factor of 91 and t.
13
Let k(j) = -18*j - 1. Let m = -1 + 4. Suppose -5*z = 2*p - 3, -5*p - 2*z = 6 - m. Let i be k(p). What is the highest common divisor of 17 and i?
17
Suppose 5*b + 1335 = -1405. Let s = -305 - b. Calculate the highest common divisor of 27 and s.
27
Let y(z) be the first derivative of -13*z + 1/3*z**3 - 9/2*z**2 + 5. Let m be y(11). Calculate the highest common divisor of m and 27.
9
Let h be (-9)/6 - 154/(-44). What is the greatest common factor of 22 and h?
2
Let x be (1450/(-203) - (-1)/7)*-3. Let c(t) = -9*t - 15. Let y be c(-11). What is the greatest common factor of y and x?
21
Let g(i) = i**3 - 3*i**2 + i + 4. Let v be g(3). Suppose 30 = 3*j - 4*q, -v*j + 33 = -3*j - 3*q. What is the greatest common divisor of 54 and j?
6
Let g(y) = -y**3 - y**2 - 8*y - 7. Let p be g(-3). Let v(a) = -32*a + 6. Let s be v(-2). Calculate the highest common factor of s and p.
35
Suppose 0 = p - j + 3, 3*j - 21 + 8 = p. Suppose r + 2*y - 83 = y, -p*y + 86 = r. Suppose 2*d - 80 = -2*d. What is the highest common divisor of d and r?
20
Let r be 19 - 7110/(-72) - 5/(-4). Calculate the greatest common divisor of r and 28.
7
Suppose -4*q = -0*q - 8. Suppose -q*a + 3*j - 27 = 0, -a = a - 5*j + 29. Let f be (-4)/((-3)/a*-1). Calculate the greatest common factor of f and 2.
2
Suppose -16*n = 6*n - 660. Calculate the highest common factor of 60 and n.
30
Let a = 470 - 465. What is the highest common divisor of a and 635?
5
Let j = -247 + 250. Calculate the highest common divisor of j and 35.
1
Let r be ((-120)/(-160))/(2/336). What is the highest common divisor of r and 18?
18
Suppose 13 - 3 = 5*a. Suppose a*w + 277 - 1729 = 0. Let p be w/9 + 6/(-9). Calculate the greatest common factor of p and 20.
20
Let a be 2/14*-2 - 25370/(-301). Suppose 0 = 82*z - a*z + 128. Calculate the highest common factor of 16 and z.
16
Let u(n) be the third derivative of n**6/120 + n**5/6 + 5*n**4/6 + 7*n**3/6 + 46*n**2. Let r be u(-7). What is the highest common divisor of 98 and r?
14
Suppose 0 = -5*v - 5*d + 5, v - d = 3*v - 6. Let i be 2 - (-3 - (v - 4)). Let q be (36/(-16))/((-1)/24). Calculate the greatest common divisor of q and i.
6
Let z(u) = -u**2 - 3*u + 1. Let r be z(-3). Let m be 30/9*(-6)/4. Let v = 10 + m. Calculate the greatest common factor of r and v.
1
Let l(h) = 13*h**2 - h + 1. Let d be l(1). Let a be -4 + d + -3 + 6. What is the greatest common factor of a and 36?
12
Suppose 5*n + 0*n + 44 = 4*r, -5*r + 38 = -2*n. Suppose 5*j = -r + 56. Let q be (-6)/(-10) - (-4)/j. Calculate the greatest common divisor of 1 and q.
1
Let t = 310 - 133. What is the greatest common divisor of t and 236?
59
Let c(o) = -4*o + 2. Let n(i) = -i**2 + 8*i + 16. Let t be n(10). Let k be c(t). What is the greatest common divisor of k and 12?
6
Suppose -3*x = -6*x - 2*b + 26, 2*b + 34 = 2*x. Let f be ((-2)/(-3))/(8/x). Let a be (3 - 2) + 2 + f. Calculate the 